?
7
What is the ten thousands digit of 747559?
4
What is the thousands digit of 109591?
9
What is the ten thousands digit of 7331595?
3
What is the units digit of 853039?
9
What is the units digit of 6448970?
0
What is the tens digit of 115385?
8
What is the hundred thousands digit of 115100?
1
What is the units digit of 23445475?
5
What is the tens digit of 180060?
6
What is the hundred thousands digit of 169955?
1
What is the units digit of 182005?
5
What is the hundred thousands digit of 638907?
6
What is the hundreds digit of 1251154?
1
What is the hundred thousands digit of 5002208?
0
What is the thousands digit of 7472624?
2
What is the hundred thousands digit of 595302?
5
What is the ten thousands digit of 3778423?
7
What is the ten thousands digit of 5151620?
5
What is the hundreds digit of 76331?
3
What is the thousands digit of 3182111?
2
What is the tens digit of 3001345?
4
What is the ten thousands digit of 1579657?
7
What is the hundred thousands digit of 122769?
1
What is the thousands digit of 960738?
0
What is the units digit of 3769703?
3
What is the hundred thousands digit of 5590125?
5
What is the thousands digit of 292975?
2
What is the units digit of 193524?
4
What is the thousands digit of 199515?
9
What is the millions digit of 2101387?
2
What is the hundred thousands digit of 238238?
2
What is the hundreds digit of 573196?
1
What is the hundreds digit of 221821?
8
What is the ten millions digit of 15264959?
1
What is the units digit of 119869?
9
What is the units digit of 93197?
7
What is the ten thousands digit of 950881?
5
What is the ten thousands digit of 332162?
3
What is the hundreds digit of 70869?
8
What is the thousands digit of 1232602?
2
What is the ten thousands digit of 495103?
9
What is the thousands digit of 8869871?
9
What is the ten thousands digit of 1129540?
2
What is the thousands digit of 135763?
5
What is the ten thousands digit of 35246?
3
What is the hundreds digit of 1283199?
1
What is the units digit of 6665014?
4
What is the hundreds digit of 92007?
0
What is the units digit of 143900?
0
What is the ten thousands digit of 5819336?
1
What is the hundred thousands digit of 887652?
8
What is the thousands digit of 468316?
8
What is the millions digit of 22984117?
2
What is the units digit of 2073501?
1
What is the millions digit of 1454514?
1
What is the hundred thousands digit of 2879841?
8
What is the hundreds digit of 253337?
3
What is the hundreds digit of 440135?
1
What is the ten thousands digit of 8381941?
8
What is the ten thousands digit of 5049428?
4
What is the units digit of 3165380?
0
What is the tens digit of 770601?
0
What is the hundred thousands digit of 244471?
2
What is the thousands digit of 1236733?
6
What is the hundred thousands digit of 2347919?
3
What is the hundred thousands digit of 636637?
6
What is the hundred thousands digit of 3136007?
1
What is the thousands digit of 1307767?
7
What is the thousands digit of 30389?
0
What is the hundred thousands digit of 266822?
2
What is the tens digit of 11870622?
2
What is the thousands digit of 9423801?
3
What is the tens digit of 101338?
3
What is the hundred thousands digit of 12242938?
2
What is the units digit of 1385733?
3
What is the ten thousands digit of 292329?
9
What is the hundreds digit of 26022367?
3
What is the hundreds digit of 20463380?
3
What is the ten thousands digit of 3935316?
3
What is the hundred thousands digit of 4816564?
8
What is the thousands digit of 96225?
6
What is the thousands digit of 673263?
3
What is the hundred thousands digit of 2164632?
1
What is the hundreds digit of 985811?
8
What is the thousands digit of 384786?
4
What is the units digit of 3353549?
9
What is the hundred thousands digit of 1302644?
3
What is the ten thousands digit of 92344?
9
What is the ten thousands digit of 2910908?
1
What is the units digit of 2392172?
2
What is the hundreds digit of 1329696?
6
What is the millions digit of 1306335?
1
What is the thousands digit of 662885?
2
What is the thousands digit of 7523572?
3
What is the thousands digit of 701319?
1
What is the ten thousands digit of 331784?
3
What is the hundreds digit of 1365796?
7
What is the millions digit of 1221354?
1
What is the ten thousands digit of 33576505?
7
What is the millions digit of 2660578?
2
What is the hundred thousands digit of 266294?
2
What is the thousands digit of 191644?
1
What is the ten thousands digit of 1455912?
5
What is the units digit of 1169896?
6
What is the tens digit of 26554?
5
What is the ten thousands digit of 794233?
9
What is the millions digit of 4752871?
4
What is the ten thousands digit of 61144?
6
What is the ten thousands digit of 3094167?
9
What is the tens digit of 90999?
9
What is the units digit of 101451?
1
What is the hundreds digit of 19334?
3
What is the hundreds digit of 7707852?
8
What is the units digit of 27638?
8
What is the thousands digit of 386430?
6
What is the units digit of 228418?
8
What is the hundreds digit of 7400345?
3
What is the hundreds digit of 235938?
9
What is the thousands digit of 215360?
5
What is the hundreds digit of 3307075?
0
What is the hundreds digit of 837314?
3
What is the tens digit of 718598?
9
What is the thousands digit of 377348?
7
What is the millions digit of 2104352?
2
What is the tens digit of 4463868?
6
What is the thousands digit of 142560?
2
What is the tens digit of 703564?
6
What is the ten thousands digit of 5879704?
7
What is the millions digit of 24888644?
4
What is the ten thousands digit of 1127363?
2
What is the ten thousands digit of 4841608?
4
What is the millions digit of 1400288?
1
What is the tens digit of 194166?
6
What is the millions digit of 1611345?
1
What is the units digit of 216283?
3
What is the tens digit of 481649?
4
What is the millions digit of 1114216?
1
What is the ten thousands digit of 102053?
0
What is the hundred thousands digit of 552263?
5
What is the hundreds digit of 563984?
9
What is the tens digit of 1329316?
1
What is the thousands digit of 3033075?
3
What is the units digit of 3185818?
8
What is the hundreds digit of 1631529?
5
What is the ten thousands digit of 129672?
2
What is the ten thousands digit of 156915?
5
What is the hundreds digit of 9573376?
3
What is the millions digit of 1494364?
1
What is the ten thousands digit of 1677890?
7
What is the tens digit of 14681?
8
What is the hundred thousands digit of 161047?
1
What is the hundreds digit of 4565757?
7
What is the thousands digit of 122928?
2
What is the thousands digit of 5175112?
5
What is the millions digit of 13487598?
3
What is the hundreds digit of 8451715?
7
What is the ten thousands digit of 309564?
0
What is the units digit of 331266?
6
What is the units digit of 705219?
9
What is the tens digit of 208438?
3
What is the thousands digit of 936028?
6
What is the tens digit of 240510?
1
What is the hundred thousands digit of 14596810?
5
What is the hundreds digit of 2254?
2
What is the hundreds digit of 21390941?
9
What is the units digit of 5959?
9
What is the ten thousands digit of 22997212?
9
What is the ten thousands digit of 1496243?
9
What is the units digit of 466757?
7
What is the thousands digit of 6478489?
8
What is the ten thousands digit of 2908993?
0
What is the tens digit of 145255?
5
What is the thousands digit of 384602?
4
What is the thousands digit of 25179527?
9
What is the units digit of 434584?
4
What is the thousands digit of 372396?
2
What is the hundred thousands digit of 119405?
1
What is the hundreds digit of 346007?
0
What is the thousands digit of 526797?
6
What is the units digit of 820047?
7
What is the hundred thousands digit of 826425?
8
What is the units digit of 863943?
3
What is the tens digit of 402998?
9
What is the units digit of 233641?
1
What is the hundreds digit of 1161913?
9
What is the hundred thousands digit of 2805106?
8
What is the units digit of 445250?
0
What is the ten thousands digit of 407306?
0
What is the hundreds digit of 951125?
1
What is the hundred thousands digit of 110447?
1
What is the thousands digit of 39910?
9
What is the hundreds digit of 7721?
7
What is the hundreds digit of 27675287?
2
What is the thousands digit of 337852?
7
What is the millions digit of 13607389?
3
What is the h